 1459. Let w = -418 - o. What is the tens digit of w?
9
Let y be (4/5)/(-4 - 1554/(-385)). Suppose -y*v - 365 = -1443. What is the tens digit of v?
4
Let a(t) = -t**3 + 10*t**2 - 8*t + 5. Let v be a(9). Suppose -3*o + v = 2*s - 52, -3*s = -o + 33. Suppose 124 = -o*g + 26*g. What is the units digit of g?
2
Let f(k) = -18*k**3 + k**2 - 13*k - 21. What is the units digit of f(-2)?
3
Let g(y) be the second derivative of 15*y**3/2 - 23*y**2 + 51*y + 1. What is the units digit of g(16)?
4
What is the units digit of 117*77 - (12/(-15))/((-2)/5)?
7
Suppose 134*c - 1822 = 133*c. Suppose 8*b = -k + 6*b + 362, 2*b + c = 5*k. What is the units digit of k?
4
Let j = 4236 - -11790. What is the tens digit of j?
2
Suppose 2*g - 6 = -4*q, 3*q + 8 = 5*q - 4*g. Suppose q*z = 4*f + 4*z - 56, z + 56 = 5*f. Let c(i) = 7*i - 8. What is the units digit of c(f)?
6
Let g(r) = r**2 - 6*r - 18. Suppose 1 = v, 4*w - 35 = w + v. Let y be -10*2/20*w*1. What is the units digit of g(y)?
8
Suppose -108*d + 107*d - 5*p = -13495, -5*d + 4*p = -67620. What is the units digit of d?
0
Let h = 271 + -258. Let v(q) = 9*q + 50. What is the units digit of v(h)?
7
Let r(h) = -2*h**3 + 26*h**2 - 14*h - 11. Let j be r(13). Let f = j - -1370. What is the units digit of f?
7
Let w be ((-1)/(-2))/(13/(-13))*-4. Suppose -y - d + 2049 = -0*y, w*y + 4*d = 4108. What is the hundreds digit of y?
0
Let f = 7269 - 250. What is the hundreds digit of f?
0
Suppose -q + 596 = 2*i, 5*q - 300 = -i - 11. Let j = 560 - i. What is the units digit of j?
1
Suppose 14*q + 290880 = 59*q. What is the tens digit of q?
6
Let h be (-228)/(-15)*120/4. Suppose 2*q = 2*j - 2*q - 314, 0 = 3*j - 3*q - h. Suppose u - 5*b - 106 = 0, -5*u = -3*b - j - 273. What is the units digit of u?
1
Let i = -10341 - -36216. What is the hundreds digit of i?
8
Let v(s) = 63*s**2 - 7*s - 442. What is the ten thousands digit of v(20)?
2
What is the tens digit of ((-1)/2)/(((-135)/(-9702))/(-15))?
3
Let h = -64 + 67. Suppose -h*u - 3*j - 990 = -6*u, 0 = 2*u + 2*j - 660. What is the units digit of u?
0
Suppose 10*r = 274 + 216. Let o = r + 101. What is the units digit of o?
0
Suppose -6146 = -q - 3*z, -30610 = -5*q + 15*z - 10*z. What is the tens digit of q?
2
What is the units digit of (8 - (-21980)/(-42))*174/(-4)?
7
Let s(r) = 26*r**2 - r + 9. Let u(f) be the third derivative of -f**5/60 + 13*f**4/24 - 11*f**3/2 + 7*f**2. Let b be u(10). What is the hundreds digit of s(b)?
2
Let c(o) = 759*o**2 + 85*o + 10. What is the ten thousands digit of c(4)?
1
Suppose 14 + 30 = 11*n. Suppose 3*o + 3*o - n*o = 0. Suppose 0 = 4*s + y - o*y - 402, -y + 502 = 5*s. What is the units digit of s?
0
Suppose -6*a - 22*a + 172004 = 0. What is the thousands digit of a?
6
Suppose -496*w = -506*w + 39390. What is the tens digit of w?
3
Let v = 20715 - 18449. What is the tens digit of v?
6
Suppose 5*j = 2*x - 0*x - 17, -2 = 3*x - 2*j. What is the units digit of x/(-2)*242/4?
1
Let x(f) = 5*f**3 + 6*f**2 + 12*f + 20. What is the ten thousands digit of x(15)?
1
Let b(l) = 6*l - 24. Let a(r) = -r**2 + 9*r + 1. Let y = -37 + 45. Let j be a(y). What is the units digit of b(j)?
0
Let f be (6 - (-9)/(-2))/((-2)/(-28)). What is the units digit of (3/(-9))/((f/1683)/(-7))?
7
Let j = -398 - -7. Let q = 690 + j. What is the units digit of q?
9
Suppose -3*m + 65 = -b - 4*b, m - 3*b - 15 = 0. What is the units digit of (12/m)/(2 + (-2438)/1220)?
4
Let u = 649 - 646. Suppose 4 = 2*a - 0. Suppose -u*f = a*f - 300. What is the tens digit of f?
6
Let o be ((-1 - 2)/(-1))/(1 - 0). Suppose 4*f + 724 = 2*u, o*u = f + 488 + 573. What is the hundreds digit of u?
3
Let h be (-118)/((-168)/(-44) + -4). Suppose -6*r + 383 + h = 0. Suppose -8*q + 4*q + r = 0. What is the tens digit of q?
4
Suppose y + 3*x = 17402, 274*y + 87110 = 279*y - 5*x. What is the thousands digit of y?
7
Let d(k) = k**3 - 2*k**2 - 4*k + 12. Let v be d(2). Suppose -3*x = 5*a - 3193, v*a + 2092 = -12*x + 14*x. What is the thousands digit of x?
1
Suppose 3*q - 24 = -3*f, 16 = f - 3*q + 6*q. Suppose -f*r = -0*r - 1344. What is the units digit of r?
6
Let r(i) = 34*i + 1716. What is the tens digit of r(13)?
5
Suppose -3*g + 1233 = 3*o, g = 6*o - 2*o + 386. Suppose -2*b - 5 = -3*u - 478, -2*b = 4*u + 598. Let r = u + g. What is the tens digit of r?
5
Suppose 3*c = -15*c + 18468. Suppose -2*v + c = -4*w, -1538 = -2*v - v + 5*w. What is the hundreds digit of v?
5
Suppose -n + 9 = -84. What is the tens digit of (-4)/5 + n*(-104)/(-15)?
4
Let v(j) = 15*j + 38. Suppose -5*w = -w - 24. Let d be v(w). What is the units digit of d/3*90/40?
6
Suppose 2395825 - 16568935 = -302*q + 92*q. What is the ten thousands digit of q?
6
Let u = -2214 + 49337. What is the tens digit of u?
2
Let f be ((-2405)/(-10))/(3/6). Suppose -2*u + f = -91. Let l = u - 127. What is the units digit of l?
9
Let u(k) = 2*k**2 + 2*k - 14. Let n be u(3). Let x be ((-84)/n)/(12/(-30)). Let z(g) = -g**2 + 25*g - 42. What is the units digit of z(x)?
2
Suppose -31*j + 3*j - 1792 = 0. What is the hundreds digit of (-8)/(-6)*(-48480)/j?
0
Let k(w) = -w**3 - 21*w**2 - 19*w + 22. Let d be k(-20). Let f(a) = 0 - 4 + 213*a**2 - 211*a**d + 4*a. What is the units digit of f(-4)?
2
Let d(w) = 80*w + 2145. What is the thousands digit of d(38)?
5
Suppose -16*s + 12*s = -4. Let x = 128 - 250. What is the tens digit of s/(120/x + 1)?
6
Suppose 2*s = -u - 5 - 1, 0 = -5*s + 5*u - 30. Suppose 2*g - 3 = -15. What is the units digit of g/s*(-480)/(-18)?
0
Let k = 43 + -22. Suppose k - 11 = 5*l. What is the units digit of l/3*(-5 - 385/(-14))?
5
Let k(x) be the second derivative of 0 + 5/12*x**4 - 18*x + 5/6*x**3 - x**2. What is the units digit of k(-2)?
8
Suppose -2*p + 12894 = 19*p. Let h = 1462 - p. What is the tens digit of h?
4
Suppose -11*p - 16 = -15*p. Let f be 26/6 + p/6. What is the hundreds digit of f/(-25) + 1462/10?
1
Let s = -404 + 1427. Let g = -672 + s. What is the units digit of g?
1
Let w be ((-1)/2 + 0)*8. Let p be 3 + ((-14)/(-4) + -4)*w. Suppose 6*b + 113 = v + p*b, -2*v - 2*b + 242 = 0. What is the hundreds digit of v?
1
Let m(p) = -p**3 + 5*p**2 + 10*p - 8. Let k = 45 - 39. Let i be m(k). Suppose -463 + i = -3*r. What is the tens digit of r?
4
Let p = -809 + 207. Let z = p + 1492. What is the tens digit of z?
9
Let f(x) be the third derivative of x**6/120 - x**5/5 + x**4/8 - 7*x**3/2 + 3*x**2 + 4. What is the hundreds digit of f(13)?
1
Let o(m) = 14*m**2 + 6*m - 2. What is the tens digit of o(-11)?
2
Suppose 446 = -4*c + 2*j, 5*c + 555 = -0*j + 3*j. Suppose 4*p = -2*p - 1782. Let v = c - p. What is the tens digit of v?
8
Let j(m) = -m**3 - m**2 - 2*m + 142. Let c be j(0). What is the units digit of c*(-1)/6*-3 - -4?
5
Suppose 4*l = r + 14, -9 + 3 = -r - l. What is the units digit of (-531)/(-9) - (10/r - 3)?
7
Let u be 24/14*(9 + (-15)/(-10)). What is the hundreds digit of (506 - u) + (-1)/1?
4
Let t(r) = 3*r**2 + 24*r + 6. Let x be t(-8). What is the tens digit of (16 + -1)*(112/6 - x)?
9
Suppose 2*t + 11 = 3*l + 8, -3*t - 7 = -5*l. Suppose -t*s + 5799 = -4233. What is the hundreds digit of s?
6
Let f = -3501 + 5233. What is the hundreds digit of f?
7
Let v(w) = -w**2 - 3*w. Let j be v(-3). Suppose j = -17*p + 13*p + 196. Let s = p - 43. What is the units digit of s?
6
Suppose 0 = 5*p - 25, -5*c = -6*p + 5*p + 380. Let z = c + 1759. What is the units digit of z?
4
Let g = 242 + -240. What is the units digit of (-3098)/(-3) - (g + 35/(-15))?
3
Let d(r) = -8*r + 58. Let w = -55 + 62. Let c be d(w). Suppose c + 11 = i. What is the units digit of i?
3
Let w = 64 - -35. Let p = 101 - w. What is the units digit of (p - (-4 + 6)) + (179 - 4)?
5
Suppose 17*o - 6*o - 206063 = 0. What is the units digit of o?
3
Let v = 899 + -894. What is the hundreds digit of (6705/(-25) - 4)*v/(-1)?
3
Suppose 63*f = 75*f - 972. Let l = f + 23. What is the hundreds digit of l?
1
Let v(l) = -872*l + 97. What is the units digit of v(-7)?
1
What is the hundreds digit of (1812/(-1))/(216/(-1620))?
5
Suppose -8 = 6*a - 10*a. Suppose a*q = 8, 3*y - 5*y - 18 = -q. What is the hundreds digit of ((-98)/4)/y*60?
2
Suppose 51*p = 53*p + 3*y - 35127, -87840 = -5*p - 3*y. What is the tens digit of p?
7
Suppose -3*i + 98 = -5*p, 6*p = 3*p - 2*i - 55. What is the hundreds digit of -1*(-2)/p -